Give l(-23).
-41
Let i(a) = a**2 + 20*a + 81. Give i(-5).
6
Let p(f) = -5*f - 23. What is p(-8)?
17
Let p(j) = -j**3 - 72*j**2 + j + 76. Calculate p(-72).
4
Let o(i) = i**2 - 11*i + 14. What is o(11)?
14
Let t(j) = -6*j + 15. Give t(4).
-9
Let c(i) = 4*i + 97. Calculate c(-24).
1
Let d(m) = -4*m - 1. Determine d(-4).
15
Let m(a) = -7*a + 12. Determine m(5).
-23
Let n(t) = t**2 + 4*t + 4. Determine n(-3).
1
Let s(b) = -b**3 + 32*b**2 + 74*b - 56. Determine s(34).
148
Let h(f) = f**2 + 15*f - 10. Calculate h(-15).
-10
Let p(o) = -o**3 - 6*o**2 - 4*o - 6. Calculate p(-4).
-22
Let r(m) = -7*m**2 - m - 1. Determine r(2).
-31
Let x(g) = -g**3 + 3*g**2 + 5*g + 12. Calculate x(5).
-13
Let k(m) = m**2 + 6*m - 17. What is k(-13)?
74
Let v(u) = -29*u + 1357. Determine v(47).
-6
Let k(j) = -8*j**3 - j**2 - 2*j - 1. Determine k(-1).
8
Let a(b) = b**2 - 9*b + 19. Give a(7).
5
Let v(g) = 2*g - 16. Give v(5).
-6
Let n(i) = 2*i**2 + 7*i - 19. Give n(-5).
-4
Let w(f) = -12*f**2 - 14*f. Calculate w(-2).
-20
Let d(x) = -x**3 + 7*x**2 + 5*x + 11. Determine d(8).
-13
Let d(s) = s**3 - 6*s**2 + 6*s - 6. What is d(5)?
-1
Let f(s) = 159*s - 312. Calculate f(2).
6
Let n(k) = -k**2 - 13*k - 26. Calculate n(-11).
-4
Let n(l) = -l**3 + 5*l**2 - 6*l + 1. What is n(4)?
-7
Let t(o) = 4*o**2 - 2*o - 1. Determine t(2).
11
Let c(z) = 4*z**2 - 75*z + 164. Determine c(16).
-12
Let r(j) = j**3 + 6*j**2 - 9*j - 2. Calculate r(-7).
12
Let j(z) = z**2 - 11*z - 35. What is j(14)?
7
Let t(h) = h**3 + 16*h**2 + 36*h - 30. Calculate t(-13).
9
Let i(a) = 12*a**2 - 4*a - 1. Determine i(-1).
15
Let k(o) = -o**2 - 8*o + 9. What is k(-10)?
-11
Let j(w) = -w**2 - 14*w - 15. Determine j(-13).
-2
Let y(q) = q**3 + 4*q**2 - 41*q - 22. Determine y(5).
-2
Let c(g) = -g**2 + 8*g + 3. Give c(8).
3
Let w(s) = -s**3 + 18*s**2 - 14*s - 41. What is w(17)?
10
Let x(j) = 2*j**3 - 6*j**2 + 4*j - 5. What is x(4)?
43
Let f(t) = -t**3 + 6*t**2 - 4*t + 7. What is f(5)?
12
Let d(w) = -16*w - 251. Calculate d(-16).
5
Let d(r) = -r**2 + 8*r + 15. Give d(-6).
-69
Let y(k) = 3*k - 8. Calculate y(4).
4
Let s(b) = -b + 22. Give s(1).
21
Let i(p) = -4*p + 187. Calculate i(45).
7
Let b(o) = -o**3 - o**2 + 4*o - 7. Give b(3).
-31
Let a(k) = k - 4. Give a(-5).
-9
Let i(a) = -a**3 + 10*a**2 + 9*a + 4. What is i(11)?
-18
Let q(z) = -z**3 - 4*z**2 + 4*z + 2. What is q(-3)?
-19
Let d(t) = 12*t**2 - 3. What is d(1)?
9
Let f(w) = -w**2 + w - 42. What is f(0)?
-42
Let y(j) = -j**2 - 19*j + 77. Give y(-23).
-15
Let y(u) = -u - 4. What is y(-13)?
9
Let t(h) = -h**3 + h**2 + h - 2. Give t(-2).
8
Let g(s) = -2*s + 4. Determine g(5).
-6
Let p(t) = t - 45. Give p(0).
-45
Let n(b) = -b**2 - 51*b + 55. Calculate n(-52).
3
Let j(u) = u**2 + 24*u + 27. What is j(0)?
27
Let k(d) = -15*d - 1. What is k(2)?
-31
Let n(u) = u**3 + 11*u**2 - 17*u - 5. What is n(-12)?
55
Let z(l) = -8*l**2 + 6*l - 1. What is z(-1)?
-15
Let w(y) = -9*y + 37. Calculate w(-17).
190
Let i(o) = -o**3 - 12*o**2 - 9*o + 16. What is i(-11)?
-6
Let s(t) = 3*t - 5. Determine s(15).
40
Let z(b) = 2*b**2 + 11*b - 3. Give z(-9).
60
Let a(i) = -i**3 + 4*i**2 + 9*i - 20. Determine a(5).
0
Let y(x) = -15*x - 15. Determine y(-3).
30
Let a(y) = -y**3 + 17*y**2 + y - 3. Give a(17).
14
Let a(n) = n**3 + 5*n**2 - 13*n - 24. Calculate a(-7).
-31
Let l(t) = -t - 11. Give l(-5).
-6
Let p(o) = o**3 - 10*o**2 - 8*o + 58. Give p(10).
-22
Let w(n) = 11*n - 2. Calculate w(-1).
-13
Let f(k) = 2*k + 4. What is f(-6)?
-8
Let c(x) = 2*x**2. Give c(2).
8
Let a(h) = -h**2 + 16*h - 32. Give a(16).
-32
Let k(x) = 2*x**2 + 2*x - 7. Give k(-3).
5
Let q(s) = -20*s - 11. Determine q(-3).
49
Let r(z) = -z**3 + 2*z**2 + 13*z - 1. What is r(5)?
-11
Let g(n) = -47*n - 2. Calculate g(1).
-49
Let r(n) = 2*n**2 + n - 11. Give r(5).
44
Let h(q) = -9*q - 9. Calculate h(-4).
27
Let b(q) = -q**2 - 46*q - 437. Calculate b(-33).
-8
Let n(q) = 2*q - 18. Calculate n(-9).
-36
Let a(x) = -15*x - 8. Calculate a(3).
-53
Let b(t) = 2*t**2 - 6*t - 11. Determine b(7).
45
Let b(d) = 2*d**3 - 6*d**2 - d + 4. Give b(4).
32
Let x(m) = -m**3 - 16*m**2 - 2*m + 20. Calculate x(-16).
52
Let d(u) = u**3 + u**2 + 2*u + 4. Give d(-3).
-20
Let i(m) = -m + 1. Give i(9).
-8
Let b(i) = i**2 + i - 4. Give b(-3).
2
Let t(x) = -x**2 + 3. Determine t(3).
-6
Let g(t) = -11*t + 15. Determine g(-6).
81
Let n(i) = 8*i**2 + 3*i - 10. Give n(3).
71
Let t(j) = -j**2 - 29*j - 20. Determine t(-27).
34
Let k(j) = 49*j**3 + 2*j**2 + 5*j + 4. Give k(-1).
-48
Let s(m) = -6*m**3 - 4*m - 3. Determine s(-1).
7
Let y(n) = -n**3 - 5*n**2 - n - 4. Determine y(-4).
-16
Let l(j) = 35*j + 23. Determine l(0).
23
Let h(p) = -p**2 + 5*p + 42. Give h(9).
6
Let t(s) = s**2 + 5*s - 7. Determine t(-7).
7
Let o(m) = 59*m + 955. Calculate o(-16).
11
Let i(n) = -n. What is i(11)?
-11
Let z(o) = 7*o**2 + 389*o - 171. Calculate z(-56).
-3
Let i(o) = 11*o - 90. What is i(9)?
9
Let n(a) = 4*a + 4. Calculate n(-5).
-16
Let i(s) = -s - 15. What is i(-22)?
7
Let y(h) = 16*h - 5. Determine y(0).
-5
Let a(t) = -2*t**2 + 22*t - 7. Calculate a(10).
13
Let n(s) = -10*s**2 - s - 1. Determine n(-1).
-10
Let b(r) = 14*r + 377. Calculate b(-27).
-1
Let q(v) = -2*v**3 + 13*v**2 + 27*v - 11. Determine q(8).
13
Let d(v) = v + 7. Give d(10).
17
Let s(v) = -30*v**2 - v + 1. Calculate s(1).
-30
Let f(j) = -5*j - 2. Give f(-6).
28
Let g(y) = -2*y + 66. Give g(27).
12
Let u(w) = -6*w - 81. What is u(-18)?
27
Let h(p) = -p**3 + 2*p**2 - 2. Determine h(-2).
14
Let a(w) = 2*w**2 + 40*w - 37. Give a(-21).
5
Let o(w) = -2*w + 71. Give o(24).
23
Let r(g) = g**2 + 7*g - 6. Give r(-8).
2
Let r(k) = k**2 - 15*k + 19. Give r(9).
-35
Let q(f) = 3*f - 220. Determine q(74).
2
Let z(j) = -j**3 + 10*j**2 + 2*j + 58. Calculate z(11).
-41
Let t(o) = -36*o + 496. Calculate t(14).
-8
Let o(u) = -5*u - 6. Determine o(-7).
29
Let h(j) = j**2 + 22*j + 35. What is h(-18)?
-37
Let o(p) = 2*p - 2. Determine o(-2).
-6
Let m(x) = -2*x**3 + 9*x**2 - 15*x + 25. Determine m(3).
7
Let q(j) = 10*j**2 - 38*j - 5. Calculate q(4).
3
Let c(t) = t**2 - 6*t - 7. Give c(9).
20
Let w(r) = -r**2 - 15*r - 2. Give w(-15).
-2
Let b(l) = 2*l**3 + l**2 + 3*l + 2. Calculate b(-2).
-16
Let p(g) = -g + 13. Determine p(13).
0
Let k(r) = -r**2 + 3*r + 3. What is k(3)?
3
Let t(h) = h**2 - 5*h + 8. Determine t(8).
32
Let b(v) = -3*v - 88. What is b(0)?
-88
Let t(k) = k**2 - 7*k + 6. Give t(8).
14
Let m(w) = -3*w**2 - 14*w + 4. What is m(-5)?
-1
Let h(v) = -v**2 - 19*v + 8. Give h(-17).
42
Let x(u) = -3*u**3 - 49*u**2 - 18*u - 47. Determine x(-16).
-15
Let i(x) = x + 40. Determine i(-18).
22
Let a(m) = 84*m - 432. Determine a(5).
-12
Let g(k) = -18*k + 3. Determine g(3).
-51
Let x(i) = -i**3 + 6*i**2 + 3*i + 19. Calculate x(7).
-9
Let w(d) = 6*d + 21. Determine w(-4).
-3
Let g(c) = -2*c**3 + 8*c**2 - 4*c. Calculate g(4).
-16
Let w(r) = -59*r + 180. Determine w(3).
3
Let u(m) = -20*m - 113. Calculate u(-6).
7
Let v(p) = 8*p - 1. What is v(-1)?
-9
Let k(f) = -f**2 + 64*f - 964. Give k(40).
-4
Let z(k) = -5*k + 14. Calculate z(4).
-6
Let l(k) = 3*k**2 + 20*k + 9. What is l(-6)?
-3
Let f(o) = o**2 + 6*o + 6. Give f(-8).
22
Let r(s) = 3*s + 24. Calculate r(-18).
-30
Let x(o) = -10*o**2 - 68*o - 42. Give x(-6).
6
Let j(k) = 2*k**2 - 9*k - 70. What is j(-4)?
-2
Let w(d) = d**2 + 5*d + 1. What is w(-5)?
1
Let g(o) = 7*o - 1. What is g(-3)?
-22
Let q(l) = l**3 - 7*l**2 - 4*l - 7. Calculate q(7).
-35
Let u(b) = b**3 - 7*b**2 - 10*b + 2. What is u(8)?
-14
Let v(b) = b**2 + 10*b - 1. Determine v(-9).
-10
Let u(x) = 5*x - 5. Calculate u(2).
5
Let i(k) = 2*k**2 + 16*k - 30. What is i(-14)?
138
Let i(h) = h**2 + 4*h + 6. Calculate i(-6).
18
Let x(o) = o**2 - 19*o + 28. Calculate x(17).
-6
Let x(g) = 11*g**2 + 3*g + 2. What is x(-2)?
40
Let o(g) = -g**3 - g**2 + 2*g + 25. What is o(0)?
25
Let c(l) = -46*l + 415. Give c(9).
1
Let y(o) = 4*o**3 - 4*o**2 - 2*o + 2. Calculate y(-2).
-42
Let a(x) = -2*x**3 - 10*x**2 - 4*x + 8. Calculate a(-2).
-8
Let h(f) = -f + 69. Determine h(28).
41
Let l(v) = -5*v - 58. Calculate l(-10).
-8
Let g(b) = 2*b**2 + 4*b - 3. What is g(-9)?
123
Let h(o) = o**2 + 4*o + 7. Calculate h(-5).
12
Let i(h) = -2*h**3 + 3*h**2 - 5*h + 9. Determine i(4).
-91
Let r(m) = m**2 + 7*m - 11. Calculate r(-6).
-17
Let u(m) = -m**2 + 3*m + 13. What is u(